{"id":5858,"date":"2021-03-12T19:18:41","date_gmt":"2021-03-13T01:18:41","guid":{"rendered":"https:\/\/sanpascualitorey.com\/merch\/?post_type=product&#038;p=5858"},"modified":"2026-04-16T11:41:48","modified_gmt":"2026-04-16T17:41:48","slug":"lp-vinilo-animanecia","status":"publish","type":"product","link":"https:\/\/sanpascualitorey.com\/merch\/producto\/lp-vinilo-animanecia\/","title":{"rendered":"LP Vinilo | Animanecia"},"content":{"rendered":"<p><em><strong>Animanecia es un neologismo que parte de anima, de estar vivo, del alma, y de la necedad. Un alma necia que no para y que refleja nuestra forma de ser como m\u00fasicos.<\/strong><\/em><\/p>\n<p><strong>San Pascualito Rey<\/strong> presenta de la mano con <strong>El Club del Rockandroll<\/strong> la edici\u00f3n especial de su m\u00e1s reciente disco, Animanecia (2019), en un vinyl transparente y una portada que sale de lo convencional, ya que el disco sale por la parte superior del empaque. Contiene los sencillos <strong>&#8220;Aventar&#8221;<\/strong> y\u00a0 <strong>&#8220;<\/strong><strong>Entre la sombra y el silencio&#8221;<\/strong>. Un \u00e1lbum que\u00a0demuestra lo\u00a0vigente que permanece esta banda que continua trabajando ininterrumpidamente desde hace m\u00e1s de 20 a\u00f1os.<\/p>\n<p>\u2018Animanecia\u2019 es un disco compuesto por nueve temas tan diversos como interesantes; nueve canciones en los que el universo l\u00edrico y sonoro de la banda se reinventa y nos lleva por parajes profundos, en\u00e9rgicos y dotados de una brillante oscuridad.<\/p>\n<p>Track List:<\/p>\n<p>Lado A<\/p>\n<p>1. Aventar<br \/>\n2. Como una Mosca<br \/>\n3. La Espina<br \/>\n4. Entre la Sombra y el Silencio<br \/>\n5. A Pesar de M\u00ed<\/p>\n<p>Lado B<\/p>\n<p>6. Tecolotes<br \/>\n7. Me da Miedo la Vida<br \/>\n8. Pasar\u00e1<br \/>\n9. Nada Ser\u00e1 Igual<\/p>\n","protected":false},"excerpt":{"rendered":"<p>El segundo LP de San Pascualito Rey en una re-edici\u00f3n especial de su \u00faltima producci\u00f3n musical <strong>ANIMANECIA<\/strong>, en vinilo transparente de 12&#8243; (180g) &#8211; 33 rpm.<\/p>\n<p>&nbsp;<\/p>\n","protected":false},"featured_media":5861,"template":"","meta":[],"product_brand":[],"product_cat":[128,131,92],"product_tag":[119],"class_list":{"0":"post-5858","1":"product","2":"type-product","3":"status-publish","4":"has-post-thumbnail","6":"product_cat-animanecia","7":"product_cat-animanecia-2","8":"product_cat-lp-vinilos","9":"product_tag-animanecia","10":"product_shipping_class-vinil-delux","12":"first","13":"instock","14":"purchasable","15":"product-type-simple"},"exclude_global_add_ons":[],"addons":[],"_links":{"self":[{"href":"https:\/\/sanpascualitorey.com\/merch\/wp-json\/wp\/v2\/product\/5858","targetHints":{"allow":["GET"]}}],"collection":[{"href":"https:\/\/sanpascualitorey.com\/merch\/wp-json\/wp\/v2\/product"}],"about":[{"href":"https:\/\/sanpascualitorey.com\/merch\/wp-json\/wp\/v2\/types\/product"}],"wp:featuredmedia":[{"embeddable":true,"href":"https:\/\/sanpascualitorey.com\/merch\/wp-json\/wp\/v2\/media\/5861"}],"wp:attachment":[{"href":"https:\/\/sanpascualitorey.com\/merch\/wp-json\/wp\/v2\/media?parent=5858"}],"wp:term":[{"taxonomy":"product_brand","embeddable":true,"href":"https:\/\/sanpascualitorey.com\/merch\/wp-json\/wp\/v2\/product_brand?post=5858"},{"taxonomy":"product_cat","embeddable":true,"href":"https:\/\/sanpascualitorey.com\/merch\/wp-json\/wp\/v2\/product_cat?post=5858"},{"taxonomy":"product_tag","embeddable":true,"href":"https:\/\/sanpascualitorey.com\/merch\/wp-json\/wp\/v2\/product_tag?post=5858"}],"curies":[{"name":"wp","href":"https:\/\/api.w.org\/{rel}","templated":true}]}}